 be f(d). Calculate the remainder when 7 is divided by 51/m - 2/8.
3
Let g = 12 - 7. Suppose -g*h = -13 + 3. What is the remainder when 6 is divided by h?
0
Let w(m) = -2*m + 4. Let j be w(2). Let n(q) = -q**3 - q**2 - q + 13. Suppose -127 = -5*s + y + 57, y - 1 = 0. What is the remainder when s is divided by n(j)?
11
Let r be -9*1/(1/(-3)). Suppose -3 = -2*z + r. Calculate the remainder when (-1)/1 - (0 + -30) is divided by z.
14
Let r(z) = z**3 - 4*z**2 - 4*z - 1. Let i be r(5). Suppose 337 = i*f + 57. Calculate the remainder when f is divided by 18.
16
Let l = 42 + -30. Calculate the remainder when 35 is divided by l.
11
Let r = 3 + 28. What is the remainder when 60 is divided by r?
29
Suppose 4*q - 18 = 2. Suppose 0*i + q*i - 35 = 0. Calculate the remainder when i is divided by 3.
1
Let m = 0 - -3. Let h = m - 2. What is the remainder when h is divided by ((-4)/6)/((-2)/3)?
0
Let k be (-6 - -5)*(1 - 2). Let r be 0/(-1*(-2 - 0)). Let c = k + r. What is the remainder when 2 is divided by c?
0
Let i(t) = -3 + 1 + 2*t + 7 - 11*t. Suppose -5*l + 97 = -4*k, 0 = -2*l + 3*k + 26 + 17. Calculate the remainder when i(-5) is divided by l.
16
Suppose 31 = g - 4*v + 2, -v - 4 = 0. Let k be 2 + (-2)/((-6)/9). Let h = k - -20. Calculate the remainder when h is divided by g.
12
Let y = -36 - -24. Let g = y + 23. Let u = 51 - 20. What is the remainder when u is divided by g?
9
Suppose -48 - 47 = -5*k + 4*b, 94 = 3*k + 5*b. Let d(c) = c**2 + 5*c - 6. What is the remainder when k is divided by d(-7)?
7
Let m = -2 + 9. Let o be (-7)/((-2 + 1)/1). Let x = 5 + o. Calculate the remainder when x is divided by m.
5
Suppose -2*w - 68 = -4*w. Suppose -k + 11 = 2*a, 3*a - 4*k = -0*k. What is the remainder when w is divided by (1*-1)/(a/(-48))?
10
Let p(d) = -d**2 + 3*d - 2. Let l be p(3). What is the remainder when (-5)/1 - l - -37 is divided by 12?
10
Let c = 1 + 3. Suppose -3*q = q - c. Suppose -3*l + q = -j + 6, -5*l = -5*j + 15. Calculate the remainder when 2 is divided by j.
0
What is the remainder when 26 is divided by ((-16)/(-9))/(-8) + (-184)/(-18)?
6
Let m = 3 + -3. Suppose m = -0*u - u + 4. Let b(v) = 2*v - 1. Calculate the remainder when b(6) is divided by u.
3
Let c = -2 + 22. What is the remainder when 96 is divided by c?
16
Let t(x) = x**2 - 12*x + 15. Let q be t(12). Calculate the remainder when 122 is divided by (-2)/10 + 468/q.
29
Calculate the remainder when 14 is divided by 289/85 + 6/10.
2
Calculate the remainder when 69 - ((-3)/3 - (0 + 0)) is divided by 18.
16
Suppose -5*o + 5*x + 1177 = 147, 588 = 3*o + 3*x. Calculate the remainder when o is divided by 34.
31
Calculate the remainder when 30/9*(45/2)/3 is divided by (-4)/(-16) - 102/(-8).
12
Suppose b - 3*x = -0*b + 62, -3*x = -2*b + 127. Calculate the remainder when b is divided by 17.
14
What is the remainder when 69 is divided by (-502)/(-14) - -1*(-2)/(-14)?
33
Suppose -436 = -4*s + 4*m, -3 = -s - 3*m + 102. Let i = -58 + s. What is the remainder when i is divided by 17?
16
Suppose -2*p + 9 = -l - 0, 5*p - l = 21. Calculate the remainder when ((-15)/p)/((-6)/24) is divided by 8.
7
Suppose -v - 5 + 35 = 0. Calculate the remainder when v is divided by 16.
14
Let o(v) = -v - 1. Let y be o(-1). Suppose y = 2*s - 18 - 4. Calculate the remainder when 21 is divided by s.
10
Let x = -12 + 14. Suppose -25 = -x*z + 1. What is the remainder when z is divided by 4?
1
Let h be 5 - (-2 - 12/(-4)). Let q = 14 + h. Calculate the remainder when q is divided by 7.
4
Let p be (-894)/(-15) + 6/15. Suppose -5*x + 0*x + p = 0. What is the remainder when x is divided by 5?
2
Suppose -2*j = -0*j - 14. Let w be 5 - 3/((-3)/1). Suppose -4*v = 3*h - 49, w*v = 2*h + v - 48. What is the remainder when h is divided by j?
5
Suppose 5*q - 5*m - 45 = 0, -4*q - 3*m = -m - 60. Calculate the remainder when 73 is divided by q.
8
Let z(t) = t**2 + 3*t. Suppose j = 3*o - j + 5, 2 = 2*j. What is the remainder when (-1)/((-1)/o) + 16 is divided by z(-4)?
3
Suppose -u + 54 = 3*i, -4*u + 48 = -3*u - 3*i. Suppose -12 + 63 = g - 3*j, -2*j + u = g. Calculate the remainder when g is divided by 18.
15
Suppose 6*i - 18 = 3*i + 4*c, -4*i - 2*c + 2 = 0. Suppose 2*q - d - 20 = -3*d, -i*d + 50 = 5*q. Calculate the remainder when 28 is divided by q.
8
Suppose -464 = -0*h - 4*h. Suppose h = 4*x - 296. What is the remainder when x is divided by 35?
33
Suppose h = -4*s - 2 - 2, 5*h + s - 56 = 0. Calculate the remainder when 58 is divided by h.
10
Suppose -2 = -8*p + 6*p. Suppose 16 = -0*q + 4*q, -4*g + 4*q - 12 = 0. Calculate the remainder when p is divided by g.
0
Let s = 167 + -128. Let h(m) = -4*m - 2. Calculate the remainder when s is divided by h(-4).
11
Let a(h) = -8*h + h**2 + h**2 - 3*h**2 + 3*h**2 - 6. What is the remainder when a(6) is divided by 5?
3
Let r be (54/(-8))/((-6)/64). Let v = r + -28. Calculate the remainder when v is divided by 23.
21
Let w(y) = -16*y - 2. Let n = -16 - -24. What is the remainder when w(-2) is divided by n?
6
Let d(f) = -f**3 - 14*f**2 + 14*f - 3. Let u be 1/(-1) + 10 + 1. What is the remainder when d(-15) is divided by u*2/4*1?
2
Suppose 10 = 8*g - 3*g. Suppose -g*y - 2 = -y. What is the remainder when ((-2)/y)/(2/24) is divided by 7?
5
Let x = 8 + 0. What is the remainder when 13 is divided by (-2)/2 - (x + -14)?
3
Let a = 33 + -54. Let p = 39 + a. Let d = -11 + p. Calculate the remainder when d is divided by 3.
1
Suppose 0 = -c + 14 + 15. What is the remainder when c is divided by 6?
5
Suppose 5*o - 20 = -5*q, q - 3*q + 4*o + 14 = 0. What is the remainder when (-20)/10*(-22 + 1)/3 is divided by q?
4
Let b(p) = 11*p**2 + 7*p + 9. Calculate the remainder when 116 is divided by b(-2).
38
Calculate the remainder when (1/(-1))/(23/(-2254)) is divided by 25.
23
Suppose 33 = 3*k + 3*t - 18, 5*k = -4*t + 82. Suppose -a = -0*a - k. What is the remainder when a is divided by 5?
4
Suppose k = -3*w + 78, -16 = -w + k + 6. Calculate the remainder when 56/(-6)*21/(-2) is divided by w.
23
Let l be (30/(-8))/(2/(-8)). Calculate the remainder when 31 is divided by (l/(-9) + 1)*-12.
7
Let x(r) = -228*r. Let k(u) = u**2 - 7*u + 2. Let d be k(7). Let j be x(d). Calculate the remainder when 56 is divided by (4/6)/((-16)/j).
18
Suppose 4*k - 20 = -k. What is the remainder when 15 is divided by k?
3
Suppose 116 = -3*z + 7*z. What is the remainder when 86 is divided by z?
28
Let x = 85 - 19. Suppose 7*f - x = 5*f. Calculate the remainder when 63 is divided by f.
30
Suppose 0 = -5*x - 2*b + 193, 5*b - 94 = -2*x - 0*b. Let g = 19 + 0. What is the remainder when x is divided by g?
18
Let d = -9 - -11. Suppose m + 201 = 4*i, -m = -d*m + 3. Calculate the remainder when i is divided by 13.
12
Let v(f) = -2*f**2 + 11*f + 4. Calculate the remainder when 15 is divided by v(5).
6
Suppose -t - 15 = 122. Let d = t - -230. Suppose 2*n = -35 + d. What is the remainder when n is divided by 15?
14
Let l(o) = o**2 + o + 3. What is the remainder when 24 is divided by l(2)?
6
Let i(p) = p**2 + 9*p + 8. Let u be (-8)/(3/((-3)/1)). Suppose 0 = 3*a + 19 + u. What is the remainder when i(a) is divided by 5?
3
Let g(s) = s**2 + 9*s + 18. Calculate the remainder when g(-12) is divided by 7.
5
Let q = 42 + -22. Calculate the remainder when 139 is divided by q.
19
Let g(l) be the second derivative of l**4/12 + 13*l**3/6 - 3*l**2/2 - l. Let c be g(-11). Let u = 35 + c. What is the remainder when 38 is divided by u?
8
What is the remainder when 50*(8/(-10) - (-39)/30) is divided by 13?
12
Suppose -1 = -3*r - 7. Suppose 73 = 6*d - 65. Calculate the remainder when d is divided by r/6 - (-74)/6.
11
Let s(t) = -t**3 - 5*t**2 + 9*t - 5. What is the remainder when s(-7) is divided by 8?
6
Let j = -8 + 35. Suppose -3*q + 2*w - 18 = -2*q, 4*q = 4*w - 52. Let z = q + 22. What is the remainder when j is divided by z?
13
Let u = 45 - -17. What is the remainder when u is divided by 21?
20
Let q(o) = o**2 + 7*o + 13. Calculate the remainder when 4 is divided by q(-4).
0
Let a be -3*((-4)/6)/(-1). Calculate the remainder when 7 is divided by 3/a*(-7 + 5).
1
Let y = -11 + 19. Let w = y + -3. What is the remainder when 8 is divided by w?
3
Let j(w) be the first derivative of -w**5/24 - w**4/8 - w**3/3 + 1. Let z(x) be the third derivative of j(x). What is the remain